61*i + 52525. What is b(-22)?
583
Let g(i) = -183*i - 5821. Determine g(-33).
218
Let y(g) = 19*g**3 + 587*g**2 - 68*g + 6. Calculate y(-31).
192
Let q(w) = -6*w**3 - 130*w**2 - 17*w - 33. What is q(-21)?
-1440
Let p(t) = 2*t**3 + 65*t**2 - 1802*t - 289. Calculate p(18).
-1
Let g(j) = -j**2 + 194006*j + 4074577. Give g(-21).
10
Let r(j) = 6455*j + 6252. Calculate r(-1).
-203
Let d(s) = -13*s**3 - 8397*s**2 + 643*s - 1927. Calculate d(-646).
11
Let s(a) = -751*a + 12497. What is s(17)?
-270
Let t(k) = -2*k**2 + 9155*k - 64021. Calculate t(7).
-34
Let i(k) = -7*k**3 + 29*k**2 - 120*k + 823. Calculate i(8).
-1865
Let n(w) = 1582*w - 9663. Determine n(6).
-171
Let s(k) = -10*k**2 + 97*k + 3467. Give s(24).
35
Let u(n) = 2*n**3 - 64*n**2 + 179*n - 3670. Give u(31).
-43
Let o(c) = -c**2 + 4023*c - 40103. Determine o(10).
27
Let m(i) = -40*i - 966. Determine m(5).
-1166
Let c(n) = -n**3 - 19*n**2 - 140*n - 541. Give c(-12).
131
Let g(h) = 18*h**3 - 9650*h**2 + 1092*h - 10681. Give g(536).
39
Let h(u) = -24467*u - 48926. What is h(-2)?
8
Let x(n) = 1876*n + 25421. Give x(-13).
1033
Let c(l) = 403*l + 1477. Give c(-4).
-135
Let v(i) = 3062*i + 36854. What is v(-12)?
110
Let y(a) = a**3 + 59*a**2 + 40*a + 345. Determine y(-58).
1389
Let o(g) = -27*g**2 - 999*g - 8876. Calculate o(-15).
34
Let j(n) = -10277*n + 328772. What is j(32)?
-92
Let z(x) = 2910*x - 10159. Calculate z(3).
-1429
Let f(l) = 41*l**3 + 18902*l**2 + 467*l + 2806. Determine f(-461).
40
Let h(g) = 6786767*g - 95014737. Calculate h(14).
1
Let b(t) = 113975*t - 6952517. Determine b(61).
-42
Let u(v) = 1128*v - 12382. Determine u(11).
26
Let v(a) = -10*a**2 - 30220*a - 90618. Calculate v(-3).
-48
Let m(h) = -2*h**3 - 24*h**2 + 113*h + 796. Give m(-14).
-2
Let u(q) = -79*q**3 - 710*q**2 + 4138*q + 37156. What is u(-9)?
-5
Let r(h) = h**3 + 12*h**2 - 144*h + 1650. Give r(-22).
-22
Let y(z) = 3518*z + 256817. Give y(-73).
3
Let k(l) = l**2 - 454*l + 16752. Give k(42).
-552
Let l(y) = 25*y**2 + 2623*y + 1887. Determine l(-104).
-505
Let p(g) = -g**2 - 681*g + 17669. Determine p(25).
19
Let j(o) = 64266*o + 21143518. Calculate j(-329).
4
Let h(l) = 13*l**2 - 7965*l + 39845. Calculate h(5).
345
Let u(x) = 4*x**3 + 9*x**2 + 75*x + 404. Calculate u(-4).
-8
Let j(o) = -11*o**2 + 2988*o - 2603. Determine j(271).
-706
Let i(t) = -511*t - 120081. Calculate i(-235).
4
Let j(l) = 81*l + 493. Give j(2).
655
Let o(l) = 5500*l + 423486. What is o(-77)?
-14
Let z(w) = w**3 - 42*w**2 + 93*w - 895. What is z(40)?
-375
Let j(o) = -o**3 + 22*o**2 - 457*o + 4097. Give j(12).
53
Let n(i) = -179*i**2 - 11*i + 2. Determine n(3).
-1642
Let b(u) = -270*u - 8. Give b(2).
-548
Let v(d) = -362*d**2 + 3598*d - 7475. Calculate v(7).
-27
Let n(b) = 33*b**2 - 6571*b - 6569. What is n(-1)?
35
Let w(z) = z**3 + 416*z**2 + 8731*z + 1390. Give w(-22).
4
Let v(k) = 2*k**3 - 889*k**2 + 1326*k + 1324. Calculate v(443).
-5
Let k(f) = -3*f**2 - 567*f + 2216. Calculate k(-192).
488
Let k(b) = b**3 - 200*b**2 + 1912*b - 27. Determine k(10).
93
Let i(w) = w**3 - 117*w**2 + 3181*w + 121. Calculate i(43).
78
Let b(q) = 2170*q + 509956. What is b(-235)?
6
Let n(t) = t**3 - 16*t**2 - 34*t + 79. What is n(20)?
999
Let w(b) = -2*b**3 - 420*b**2 - 11971*b - 545. Determine w(-176).
-17
Let v(r) = r**2 + 270*r + 5168. Give v(-250).
168
Let h(y) = -2*y**3 + 21*y**2 - 3*y + 55. Calculate h(9).
271
Let u(m) = -399*m - 106894. Calculate u(-268).
38
Let j(a) = 20*a**2 - 2561*a - 59214. Give j(-20).
6
Let i(j) = 5*j**3 + 233*j**2 + 526*j - 2018. Calculate i(-44).
6
Let y(o) = -62047*o + 62052. Give y(1).
5
Let h(c) = 6031*c - 27433. Give h(4).
-3309
Let g(w) = w**3 + 23*w**2 - 8*w - 547. Determine g(-19).
1049
Let t(x) = x**3 + 39*x**2 + 90*x - 652. Calculate t(-36).
-4
Let u(d) = 5*d**2 - 346*d + 5903. Determine u(41).
122
Let y(h) = -199*h**2 + 553*h - 2. Calculate y(4).
-974
Let z(q) = 248*q + 144. Calculate z(-1).
-104
Let s(m) = 34*m**2 - 108*m - 1405. Give s(-5).
-15
Let x(u) = -u**3 - 109*u**2 - 2415*u + 1557. Give x(-32).
-11
Let d(o) = o**3 - 33*o**2 + 396*o - 8072. Give d(29).
48
Let m(g) = -79*g**2 + 269*g + 124. Determine m(4).
-64
Let r(i) = i**3 + 169*i**2 + 7087*i + 1201. Give r(-76).
-243
Let l(u) = 2*u**2 + 1003*u - 170314. Determine l(134).
0
Let p(m) = m**3 - 119*m**2 + 10*m - 1029. Give p(119).
161
Let q(a) = a**3 + 22*a**2 + 61*a - 584. Determine q(-16).
-24
Let l(w) = -22633*w + 13. Determine l(0).
13
Let n(t) = -17*t**2 - 607*t - 4457. What is n(-10)?
-87
Let n(r) = -r**2 - 1275991*r + 15312052. Calculate n(12).
16
Let h(o) = 19*o**2 + 447*o + 2609. What is h(-11)?
-9
Let g(b) = -b**3 - 5*b**2 + 1554*b - 1. What is g(37)?
-1
Let s(k) = 2238*k - 33550. Calculate s(15).
20
Let n(d) = 4376*d**2 + 2091730*d + 955. Determine n(-478).
-1
Let k(d) = d**2 - 3315*d + 108308. Determine k(33).
2
Let x(g) = -2*g**3 - 30*g**2 - 1142*g - 1113. What is x(-1)?
1
Let m(d) = -57*d**2 + 475*d + 610. What is m(9)?
268
Let x(q) = -145*q**2 - 10586*q - 105. Determine x(-73).
-32
Let g(p) = 2*p**3 + 197*p**2 - 8119*p + 9231. Calculate g(-130).
1
Let g(d) = 6*d**3 + 11*d**2 + 32*d + 476. Determine g(-10).
-4744
Let z(r) = r**3 + 79*r**2 + 118*r - 1081. Determine z(-77).
1691
Let l(a) = 8*a**2 + 176*a + 1847. What is l(-24)?
2231
Let v(x) = -975*x + 27288. Calculate v(29).
-987
Let r(s) = 248490*s - 1242446. Calculate r(5).
4
Let t(r) = -r**3 + 1515*r + 154. Give t(39).
-80
Let w(p) = 4*p**2 - 659*p - 10971. What is w(180)?
9
Let w(x) = -x**3 - 15*x**2 + 252*x - 109. Calculate w(9).
215
Let j(s) = -8*s**2 - 24838*s - 123994. Give j(-5).
-4
Let k(o) = 3*o**3 + 577*o**2 + 1212*o + 195841. Determine k(-192).
1
Let k(s) = s**2 - 145*s + 5139. What is k(63)?
-27
Let c(h) = h**3 + 173*h**2 - 2657*h + 560. What is c(14)?
14
Let r(i) = 3*i**2 + 694*i - 213313. Determine r(175).
12
Let p(i) = -1962*i - 3806. Determine p(-3).
2080
Let k(c) = -9*c**2 - 917*c - 8274. Give k(-10).
-4
Let r(p) = 154223*p + 462439. Calculate r(-3).
-230
Let o(p) = 3*p**3 + 29*p**2 + 250*p + 2590. Give o(-10).
-10
Let s(i) = -3*i**3 - 60*i**2 - 8. Calculate s(2).
-272
Let k(w) = 448563*w + 14354018. Determine k(-32).
2
Let v(m) = -m**3 - 25*m**2 - 645*m - 6857. Give v(-14).
17
Let b(k) = 25*k**2 + 329*k - 2377. What is b(7)?
1151
Let l(h) = 100*h**2 - 1954*h + 1947. What is l(1)?
93
Let t(r) = -r**2 + 5466*r + 281372. What is t(-51)?
5
Let l(n) = 15*n**3 + 115*n**2 + 68*n - 55. Calculate l(-7).
-41
Let n(a) = 10*a**2 - 9*a - 884. Give n(-8).
-172
Let i(k) = -4*k**3 - 195*k**2 - 676*k - 93. Calculate i(-45).
-48
Let g(u) = -u**2 - 20918*u - 292641. What is g(-14)?
15
Let r(v) = 2*v**3 - 33*v**2 + 10*v - 628. What is r(15)?
-1153
Let w(f) = -100*f - 11430. What is w(-118)?
370
Let z(k) = 9*k**3 - 311*k**2 + 61*k + 3688. Give z(34).
-18
Let g(a) = -416046*a + 1248182. Calculate g(3).
44
Let a(f) = 325*f - 13964. Give a(42).
-314
Let y(w) = w**2 + 259*w + 6877. Determine y(-30).
7
Let r(b) = 39*b + 397. What is r(-33)?
-890
Let c(s) = -s**2 - 1660*s - 114509. Determine c(-72).
-173
Let j(i) = -62186*i - 2176491. Calculate j(-35).
19
Let a(d) = 2*d**2 + 242*d - 236839. Calculate a(289).
141
Let b(s) = 3*s**3 + 233*s**2 + 118*s - 1960. Calculate b(-77).
812
Let t(l) = -l**2 - 84*l + 2992. Calculate t(-97).
1731
Let t(k) = -985*k - 5103. What is t(-4)?
-1163
Let t(b) = 393*b + 35642. What is t(-91)?
-121
Let i(f) = 1752*f - 31535. Give i(18).
1
Let o(w) = -3*w**2 - 316*w + 1599. Determine o(-106).
1387
Let k(m) = -3845*m + 392187. Determine k(102).
-3
Let b(o) = 18514*o + 4684035. Determine b(-253).
-7
Let g(s) = -6*s**3 - 7*s**2 + 63*s - 275. Give g(-5).
-15
Let a(i) = -36471*i - 2407088. Calculate a(-66).
-2
Let u(q) = 15431*q - 632328. Give u(41).
343
Let x(d) = 2*d**2 + 7852*d + 218709. Calculate x(-28).
421
Let w(a) = 18963*a + 493036. Determine w(-26).
-2
Let p(f) = 9*f**2 - 364*f - 3879. Determine p(-11).
1214
Let l(r) = 7*r**3 - 1153*r**2 - 339*r + 1517. Calculate l(165).
32
Let o(q) = 179*q - 19124. Calculate o(108).
208
Let g(q) = q**3 + 33*q**2 + 9*q + 110. Determine g(-33).
-187
Let q(d) = 1126558*d + 1126562. What is q(-1)?
4
Let i(p) = -8*p**2 + 2153*p + 5908. Calculate i(271).
1843
Let y(o) = -15127*o - 136164. Calculate y(-9).
-21
Let s(v) = 283*v - 20772. Determine s(74